 - 3)/((-4)/(-8)). Let j be y(c). What is the highest common factor of 42 and j?
14
Let o(c) = -20*c + 13 + 6*c + 8*c + 7*c. Let d be o(-8). Suppose d*v - 410 = 3*p + 2*p, 0 = 4*v - 5*p - 330. Calculate the highest common factor of v and 10.
10
Suppose 0 = 1014*w - 986*w - 178889 + 16853. What is the greatest common factor of 36 and w?
9
Let n(v) = -v**2 - 10*v. Let p be n(-7). Suppose -3*j - 444 = -2*a - p, -1038 = -5*a + j. Calculate the highest common factor of 23 and a.
23
Let w be 409285/575 + (-16)/20. Calculate the highest common divisor of w and 79.
79
Let l(p) = -p**2 - 7*p + 6. Let y = -29 + 34. Let n be l(y). Let m = n + 61. Calculate the highest common divisor of 56 and m.
7
Let g be ((-88)/(-10))/(20/350). Let i(w) be the second derivative of w**3/6 + 3*w**2 + 3*w. Let l be i(16). What is the greatest common factor of g and l?
22
Let d be (-42)/28*4/3. Let i be 10/20*(d + 3 + 441). What is the greatest common factor of i and 68?
17
Suppose 0 = 2*y - c - 1475, -13*c + 1478 = 2*y - 15*c. Calculate the greatest common factor of 1242 and y.
46
Let j be (-2)/(-4) - 340/8. Let x = j + 43. Let u be 6/(-2) + x + 24. What is the highest common factor of 11 and u?
11
Suppose 3*o + 4*v - 123 = 0, -4*v = -o + 516 - 443. Calculate the highest common factor of 1022 and o.
7
Let q be ((276/18)/((-2)/6))/((-347)/50662). What is the greatest common factor of q and 161?
23
Suppose 5*h = 3*k - 2, -18 = -5*h - 3*k + k. Let c be (-8)/4 + h*(-31)/(-1). Calculate the greatest common divisor of c and 15.
15
Let r(m) = -m**2 - 16*m. Suppose -5*t = -7*t - 32. Let g be r(t). Suppose 0 = p + 2 - g, -2*p - 604 = -5*k. What is the greatest common factor of 15 and k?
15
Suppose -2*y - 4*r + 1304 = 2*y, 651 = 2*y + r. What is the greatest common divisor of y and 2080?
65
Let q = 410 - 112. Let n = q - 430. Let p = 52 - n. Calculate the highest common divisor of p and 23.
23
Let p be 18/(-15) + 362112/160. Calculate the highest common divisor of p and 78.
78
Let h(b) = -63*b - 114. Let t be h(-6). Suppose 3*o + 2*o - 4*p - t = 0, 3*p = 12. Calculate the highest common divisor of o and 91.
7
Let q be ((-6)/(-3) + -3)/((-2)/44). Suppose 4*u - q = -7*u. Suppose -100 - 32 = -11*p. What is the greatest common divisor of p and u?
2
Suppose -18*z - 57*z - 2193 = -118*z. Calculate the greatest common divisor of z and 39.
3
Suppose 0*z + z - 141 = -4*a, a - 4*z - 48 = 0. Suppose -3*v = 3*b - 90, 5*v - 2*b - 128 = a. What is the highest common divisor of 352 and v?
32
Let x be (-2 - (-122)/4) + 1/(-2). Suppose -226 + x = -2*d. Suppose -3*l + s - 46 = -147, 0 = -3*l + 3*s + d. What is the highest common factor of 102 and l?
34
Let q be ((-406)/(-40))/(6/45) + (-80)/640. Calculate the greatest common divisor of q and 196.
4
Let a = -1729 - -3381. What is the highest common factor of a and 295?
59
Let c be (22/3)/((-170)/(-123879)) + (-1)/(-5). What is the highest common divisor of c and 32?
32
Let r be -5 + -9 + -16 + 240. Calculate the highest common divisor of r and 4970.
70
Let c be (5 - 0/(-1)) + (-1 - -11). Suppose -c*l + 73 = -197. Let s(y) = y**3 + y**2 - 4*y - 4. Let n be s(5). Calculate the highest common factor of n and l.
18
Suppose -5426 = -91*j - 1968. Let u be ((-57)/12)/((-2)/40). What is the highest common factor of j and u?
19
Let p = -7 + 9. Let s(r) = r + 6. Suppose -5*m - 10 = -5*g + 2*g, 5*m = g - 20. Let o be s(g). What is the greatest common divisor of p and o?
1
Let t = -1433 - -1506. What is the highest common factor of 1 and t?
1
Suppose -2*z + 3*l + 225 = 0, -4*l = -82*z + 77*z + 566. Let h be 762/8 + 2/(-8). What is the greatest common divisor of z and h?
19
Suppose 0 = -4*l + 15 + 57. Suppose -3*q = -6, 0 = 4*t - 7*t + 2*q + 24335. Suppose 0 = -67*v + t + 1535. Calculate the greatest common divisor of l and v.
18
Let s = 77 - 81. Let n be 12/s + -2 - -10. Suppose -l + 277 = n*g - 2*l, 0 = -4*g + l + 222. What is the highest common factor of g and 220?
55
Suppose 14*d + 8 = 13*d. Let c be (182/d)/(280/32 - 9). What is the greatest common factor of 52 and c?
13
Suppose 691 = -6*n + 2*c + 9119, -3*n + 4218 = -3*c. What is the highest common factor of 208 and n?
52
Suppose 2*n - 2*h = 4*n - 48, 3*n + 4*h = 68. Calculate the highest common divisor of 1316 and n.
28
Let i = -9154 - -10389. Calculate the greatest common factor of i and 325.
65
Let j be (-15)/35 + (-41472)/(-42) + (1 - 1). What is the greatest common divisor of 1034 and j?
47
Let v be ((-7830)/(-35))/18 - (-9)/(-21). What is the greatest common divisor of v and 267?
3
Suppose -2*r + 10 = 5*c, -10 = -3*r + r + 5*c. Let t = 3 - r. Let b be ((-1368)/16)/(t/4). Calculate the greatest common divisor of b and 19.
19
Let j = -38025 - -39575. Calculate the greatest common divisor of 8370 and j.
310
Let d(j) be the second derivative of j**4/12 - j**3/6 - 4*j**2 - 13*j. Let q be d(-4). Suppose -2*c = 9 - 33. What is the highest common divisor of c and q?
12
Suppose 9*t + 10*t - 5349 = 17147. What is the greatest common factor of 111 and t?
37
Suppose -58 = -24*j + 62. Suppose 0*a - 23 = -a - j*g, -3*a - 5*g = -39. Calculate the highest common divisor of 392 and a.
8
Let t = -1648 + 3011. Let o = 1918 - t. What is the highest common divisor of 15 and o?
15
Let d(m) = -4 + 0 - 7 - 13*m + 15*m. Let u be d(11). Suppose 13*w - 3*w = 220. Calculate the highest common factor of w and u.
11
Suppose -7*j - 5*z = -5*j - 340, 173 = j + 4*z. Let c = 89 - 44. Calculate the greatest common divisor of c and j.
15
Suppose -2*f = -5*n - 1180, -3*n + 4*f - 218 = 490. Let p = 238 + n. Calculate the highest common factor of p and 54.
2
Let i(c) = c + 12. Let z(k) = -13*k - 5. Let g be z(2). Let m = -38 - g. Let b be i(m). What is the greatest common factor of b and 65?
5
Let r be 7*230/560 + -5*6/(-240). Suppose 4*i - 207 = i. Calculate the greatest common factor of i and r.
3
Suppose 9*s - 3255 = -22*s. Let k = -87 + s. Let u be 1*(0 + 23) + 1. What is the highest common factor of u and k?
6
Let g = 3 + 0. Let w be 0 + -1 + (24 - g). Suppose 4*i - 2*i - 160 = 0. Calculate the greatest common factor of w and i.
20
Let y be 6 + (0 - 0) + (14399 - 1505). What is the greatest common divisor of y and 75?
75
Let l(j) = -j**3 + 6*j**2 - 5. Let n be l(6). Let u = n - -12. Let q = 33295 + -33293. Calculate the greatest common divisor of u and q.
1
Suppose 5*m - 9 = 16. Suppose 4*b - 138 = -5*q, -2 = -m*q + 4*q. Suppose -1158 = -5*j - 38. What is the greatest common divisor of j and b?
32
Suppose 5*h = m + 147, 2*h + 90 = -3*m - 317. Let o = -20 - m. Calculate the greatest common divisor of o and 26.
13
Let n(f) = f**3 - 6*f**2 + 5*f - 10. Let k be n(6). Let y be 546/10 + 8/k. Calculate the highest common factor of 5 and y.
5
Let c(l) = l**3 + 9*l**2 - 35*l + 15. Let y be c(6). Calculate the greatest common factor of y and 105.
15
Let j = -20001 - -20025. Calculate the greatest common factor of 18000 and j.
24
Suppose 61*g - 468 = 55*g. Let w be (-117)/g - 1*(-849)/2. Calculate the highest common divisor of 47 and w.
47
Let q be (-68)/(-5) - 4/(-10). Suppose 0 = -3*g + 5*v + 29 + 18, -4*g = -4*v - 60. What is the highest common divisor of q and g?
14
Suppose 84 = 7*b + 14. Suppose o + 1071 = b*o. Calculate the highest common divisor of o and 14.
7
Let c be 16/(-2)*19/(-2). Let j(k) = k**3 - 106*k**2 + 2583*k + 50. Let s be j(38). What is the greatest common divisor of s and c?
4
Let l = -69 - -141. Let r be 273 + (-68)/17 + (-6 - 11). What is the highest common factor of r and l?
36
Suppose -2 = -12*o + 11*o. Suppose 15*u - 154 = 8*u. Calculate the greatest common factor of u and o.
2
Let x(v) = -v**3 + 29*v**2 - 2*v + 36. Let i be x(-22). What is the greatest common factor of i and 151?
151
Let i = 5014 + -4884. What is the highest common factor of i and 377?
13
Let k = -88097 - -88163. Suppose -16 = -i - 2*f, f - 2 - 18 = -i. Suppose 0 = -r + 5*r - i. What is the highest common divisor of r and k?
6
Let k(c) = c**3 - 29*c**2 - 70*c - 98. Let v be k(31). Let x = v + 420. Calculate the highest common divisor of x and 2.
2
Suppose -122 = 3*g - 3*y + 2*y, 4*g + 2*y + 156 = 0. Let l be 96/g*(-60)/8. What is the highest common divisor of 189 and l?
9
Let r be (136/28 + -4)*14/4. Suppose y - 2*v - 13 = 0, -r*y + v = 22 - 41. 